 n(o) = o**3 - 3*o**2 + 8*o - 8. Let a(v) = -4*v**3 + 11*v**2 - 34*v + 32. Let p(q) = 2*a(q) + 9*n(q). What is p(4)?
-8
Suppose 0 = -3*m - 0*m. Let d be 0 - -3 - (0 - m). Let u(x) = -4*x - x - 4 + d + 3*x. Give u(-5).
9
Let g(n) = -n**3 - 3*n**2 - 13. Let r be g(-4). Suppose 69 = -r*q + f, 4*q + 115 = -q - 2*f. Let a = q + 18. Let x(h) = -h**2 - 7*h - 1. Determine x(a).
9
Let o(c) be the first derivative of -c**4 - 4*c**3/3 + c**2/2 + 4*c - 146. Let k(p) = -4*p**3 - 2*p**2 + p + 2. Let q(i) = 3*k(i) - 2*o(i). Calculate q(1).
-3
Let r = 3385 + -3386. Let s(u) = 2*u**3 + 3*u**2 - 4. Let a(p) = -2*p**3 - 2*p**2 + 3. Suppose -5*d + 4 = -16. Let b(m) = d*a(m) + 3*s(m). Determine b(r).
3
Let i(a) be the third derivative of a**4/24 + 8*a**3/3 + 1356*a**2 - 1. Let k be (0 - -3)/3*-12. Determine i(k).
4
Suppose -27*w + 1280 - 1226 = 0. Let x(p) = -3*p**2 + 2. Let g = 18 + -25. Let b(l) = -4*l**2 + 2. Let r(q) = g*x(q) + 6*b(q). Calculate r(w).
-14
Let n = -75 + 80. Let y(t) = 2*t**2 - 7*t - 26. Let j be y(n). Let q(h) = h + 6. Determine q(j).
-5
Let k(i) = -i + 41. Suppose -30*r - 12 = -32*r. Let j be k(r). Let n(a) = -9 + j*a - 37*a - 3. Calculate n(-10).
8
Let u(w) = -w**3 - 2*w**2 - 4*w - 6. Let q = 140 - 253. Let k = 111 + q. Let d be u(k). Let x(c) = -c - 1. What is x(d)?
-3
Suppose 11 = 4*t - 1. Let w be (10/t)/(2/3). Suppose 2*m + 3*m + 15 = w*h, 5*m + 3*h = -31. Let g(p) = -p - 5. Determine g(m).
0
Let f(r) be the first derivative of -4*r**2 + 54*r + 99. Let q be f(6). Let i(m) = -3*m + 4. Give i(q).
-14
Let z = -7690 - -7678. Let k(d) = -2*d**3 - 23*d**2 + 14*d + 10. Give k(z).
-14
Let y(g) be the first derivative of g**4/12 + g**3/2 + 9*g**2/2 + 41*g + 18. Let f(w) be the first derivative of y(w). Calculate f(-6).
27
Let v(x) = 16748 + 61*x - 8433 - 8659. Give v(6).
22
Let n be ((-560)/539 - 4/(-22))*(-798)/(-228). Let p(o) be the first derivative of -1 + 3*o + 3/2*o**2 + 1/3*o**3. What is p(n)?
3
Suppose -4*y + 2*x + 3 - 1 = 0, 0 = 4*y + 5*x - 23. Suppose -q = -0 - 2. Let g(r) = 0 + 0 + 3*r - q - y*r. Give g(-3).
-5
Let l = 411 + -396. Let y(w) = -w**3 - 7*w**2 - 2*w - 8. Let d be y(-7). Let u(o) = d*o - 4*o**2 - l*o + 3*o**2. Determine u(-9).
0
Suppose 45*h - 35 = 38*h. Let a(i) = -i**2 + 22*i - 1. Let r(q) = q**2 - 15*q + 1. Let w(x) = h*a(x) + 7*r(x). Let j = -10 - -6. Give w(j).
14
Suppose 0 = -60*s + 58*s + 4*t - 34, 5*s = t - 40. Let b(l) = -l**3 - 6*l**2 - l + 1. What is b(s)?
57
Let m(s) = -187*s - 22. Let i(j) = 37*j - 1. Let z(w) = -5*i(w) - m(w). What is z(-12)?
3
Suppose j + 4*q = 5 - 2, 2*q + 6 = 2*j. Suppose -j*z - 15 + 21 = 0. Let h(o) = -24 + 36 + z*o - 14. Calculate h(-5).
-12
Let p(f) = f**2 + 25*f - 163. Suppose 0 = -m + 3*q - 18, -3*m - 4*q = -56 + 162. What is p(m)?
-13
Let i(t) = 3*t + 13. Let l(s) = s + 6. Let f(p) = 2*i(p) - 5*l(p). Let g(v) = 1852*v + 7. Let h be g(0). Give f(h).
3
Suppose 4*p = -5*n + 26, 3*p - 6*p + 3*n = -6. Let r(l) = l**2 - 5*l + 5. Calculate r(p).
1
Let f be (-14)/(-42) - (-28)/(-3). Let t be 21/f - (-4)/12. Let a be (-11)/(-11)*(-2)/t. Let i(m) = 3*m. Calculate i(a).
3
Let h(p) = -6405 + p + 2117 + 2104 + 2125. Determine h(0).
-59
Let i(l) be the first derivative of -l**2/2 - 18*l - 2330. Determine i(-11).
-7
Let p(a) = -a**2 - 17*a - 7. Let o be p(-18). Let n = o + 27. Let u(v) = v + 6 - 4 + 0 + n. Determine u(-8).
-4
Let y(d) be the second derivative of 2*d**3/3 + 9*d**2/2 + 1979*d - 1. Give y(8).
41
Let k(h) = h**2 + 11*h + 17. Let p be k(-9). Let c(z) be the third derivative of 7*z**4/12 - z**3/6 - 391*z**2. Give c(p).
-15
Let h(y) = 6*y**2 - 56*y + 36. Let z(x) = 4*x**2 - 37*x + 23. Let g(u) = -5*h(u) + 8*z(u). Determine g(6).
-20
Let r(z) be the first derivative of -5*z**4/4 + z**3 + 2*z**2 + 4*z - 20. Let y(k) = k**3 - 2*k**2 + k + 1. Let h(q) = r(q) + 4*y(q). What is h(-6)?
-4
Let n(u) = 3*u**2 - 4*u - 6. Let v(k) = -3*k**2 + 261*k - 262. Let l be v(86). Determine n(l).
58
Let j(p) = 4*p**2 - 4*p - 18. Let v(b) = -7*b**2 + 9*b + 35. Let m(o) = -5*j(o) - 3*v(o). Let z = -2649 - -2657. Calculate m(z).
-7
Let c(t) = -5*t + 6. Let g(m) = -9*m + 11. Let z(v) = -7*c(v) + 4*g(v). Suppose -2*a - 116 = 2*h, -7*a + 3*a - 61 = h. Let d = h - -63. Give z(d).
-4
Let f(c) be the first derivative of -2*c**3 + 5*c**2 - 16*c + 2375. Calculate f(4).
-72
Let g be (-48)/(-21) - (-2)/(-7). Let n = -57 + 66. Let l(q) = n*q + 6*q**2 - 9*q**g + 6 + 4*q**2. Give l(-8).
-2
Suppose 2*s + 3*s = 2*u + 17, -u = 5*s - 29. Let a = 0 - -2. Suppose a*h - s - 3 = 0. Let r(f) = f**2 - 4*f + 1. Calculate r(h).
1
Let z(r) = -17*r + 49. Let i(n) = 4*n - 12. Let o = 31 - 40. Let d(v) = o*i(v) - 2*z(v). Let a be d(4). Let x(u) = -u**2 + 3*u - 3. What is x(a)?
-1
Let g(k) = 3*k**2 - 6*k - 7. Let t be g(-1). Let z(p) = -30*p**t + 68*p**2 - 37*p**2. What is z(3)?
9
Let y(m) = -m**2 - 8*m - 9. Let x(k) = 72 + 181*k - 87*k - 86*k. Let u be x(-10). Calculate y(u).
-9
Let u(r) = 51*r + 54*r - r**2 + 27 + 54*r - 150*r + 17. Determine u(13).
-8
Let v(c) = -c + 5. Suppose -2560 - 635 = 15*r. Let g = r - -224. What is v(g)?
-6
Let l(i) = 23*i + 3. Let g(c) = -7*c - 1. Let f(y) = 11*g(y) + 4*l(y). Suppose 30*t = 35*t - 65. Let r = t + -12. Give f(r).
16
Suppose -909*a + 913*a = 4*l + 44, 4*l + 26 = a. Let g(h) = -14*h + 57. What is g(a)?
-27
Let x = -2 + 5. Let s(i) = 7*i**2 - 45*i - 3. Let c(a) = -3*a**2 + 18*a + 2. Let h(g) = 5*c(g) + 2*s(g). Determine h(x).
-5
Let v(l) = 91 - 3485*l + 1743*l + 1745*l. Give v(-32).
-5
Let y(c) = 5*c - 34*c**2 - 22*c + 20*c**2 + 16*c**2 - 4 - 3*c**2. Determine y(-17).
-4
Let g(p) = -7*p**2 + p - 1. Let y = -2710 - -2711. Give g(y).
-7
Let l(k) be the third derivative of 0*k + 8*k**2 - 9 + 1/24*k**4 + 0*k**3. Determine l(-3).
-3
Let j(m) = -m - 10. Suppose -8 = -92*t + 94*t + 12. What is j(t)?
0
Let m(i) = 38 + 28185*i - 5 + 28181*i - 56367*i. Calculate m(-6).
39
Suppose 5*d + 5*c = 5, -3 + 2 = c. Let s(b) = -12*b - 13*b + 0*b**d + 24*b + 1 - 4*b**2. Calculate s(-2).
-13
Let d(a) = 3*a**3 - 14*a**2 - 7*a - 9. Let q(c) = -c**3 + c**2 - 3*c. Let u(x) = -d(x) - 4*q(x). Give u(-8).
-15
Let f(p) be the third derivative of 0*p - 1/60*p**5 - 2*p**2 + 0 - 3/2*p**3 + 1/2*p**4. What is f(8)?
23
Suppose 3*v - 20 = -v. Let f = -304 + 297. Let w(u) = 3*u - 7. Let n(r) = r - 3. Let c(j) = f*n(j) + 2*w(j). What is c(v)?
2
Let r(d) = d**2 - d - 1. Let b be (-304)/(-30) - 116/870. Suppose 0 = i + 5*y - 25, -6*i - b = -7*i - 2*y. Determine r(i).
-1
Let n(r) = -2*r**2 - r - 3. Suppose -4 = -4*l - 12. Let q(z) = z**2 + z + 2. Let h(i) = l*n(i) - 3*q(i). Give h(-1).
2
Let j(b) be the third derivative of b**5/20 - 15*b**4/8 + 8*b**3 + 2*b**2 - 1328. What is j(14)?
6
Let g(d) = 2*d + 9. Suppose 10 = 3*m + 2*i, i - 2 - 3 = -5*m. Suppose 4*q - 10 = 4*h + 2, m = -h - q - 1. Let s be (-4 - -3 - h)/((-3)/18). Determine g(s).
-3
Let s(v) = -6 + 6*v + v**2 + 0*v**2 + 2. Suppose 82*z - 168 = 75*z. Let i be 3 - (-17)/((-51)/z). Calculate s(i).
-9
Let c(m) be the second derivative of -m**7/840 + m**6/120 - m**5/40 - m**4/12 - 73*m**3/6 - 4*m + 12. Let j(l) be the second derivative of c(l). What is j(3)?
-11
Let x(t) = t. Let m(a) = 4*a + 1. Let u(w) = m(w) - x(w). Suppose -3*y + 27 = -z, 2*z + 0 = -y + 2. Let v be (-6)/y*(-8)/(-3). What is u(v)?
-5
Suppose 7*p = -26947 + 26940. Let j(l) = -18*l - 2. Give j(p).
16
Let g(q) = -q**2 + 4*q - 8. Let r(f) = f**2 - 3*f + 10. Let l(d) = 2*g(d) + 3*r(d). What is l(6)?
44
Let q = 5894 - 5884. Let t(g) = -g**2 + 9*g - 35. Give t(q).
-45
Let x(g) be the third derivative of g**4/8 + 73*g**3/3 + 68*g**2 + 2*g. Let k be x(-47). Let n(a) = -1 - 2*a + 0*a + 3*a. Give n(k).
4
Let o(b) = b**3 + 7*b**2 - 7*b + 10. Let c be 4 - -4*(-4 - (-60)/16). Suppose 6 = -3*l - 2*g, l + 7 = 4*g - c*g. Let j be (l/(-6))/(92/48 + -2). Give o(j).
2
Let f(x) = 3*x - 47. Let c be (21 - 5)/(-4) - -18. Let j be -17 + c + (1 - 0) - -17. Calculate f(j).
-2
Let z(a) = 7*a**2 + 7*a + 3. Let d be z(9). Suppose 3*s - 24 = -3*q - 12, -4*q - 5*s = -17. Let k(j) = d + q*j - 641 - 5*j. Determine k(-6).
4
Let i(x) = 12*x**2 - 5*x - 141. Let n(k) = 17*k**2 - 6*k - 140. Let w(v) = -4*i(v) + 3*n(v). Let y(u) be the first derivative of w(u). Calculate y(-1).
-4
Let c(p) = 45*p + 47. Let j(g) = -50*g - 50. Let z(s) = 9*c(s) + 8*j(s). Wh